at is v(q)?
0
Let w(d) = -d - 16. Let x(g) = 7. Let y(t) = 3*w(t) + 5*x(t). What is y(-5)?
2
Suppose -4*l + 5*h = -28, -4*l + 9 + 11 = -3*h. Let d(f) = -f + l*f - 11 - 4*f**2 + 5*f**2 + 2. Calculate d(0).
-9
Let g(o) be the second derivative of -o**3/3 + 5*o**2 + 213*o. Give g(8).
-6
Let n be 9 + 0/(-4) + -1. Let q(v) = -2*v + 0*v - n + 4. Determine q(-3).
2
Let o(w) = w + 6. Suppose i - 3*k - 2*k = 2, 2*i + 4*k = 18. Let h = 3 - i. Give o(h).
2
Let a(v) be the first derivative of 3*v**2 - 3*v + 1. Let b be (-4 + -2)*((-9)/3)/9. Give a(b).
9
Let c = 132 - 132. Let m(f) = 6*f + 4*f**2 + c*f**2 - 9*f - 12*f**3 + 1 + 11*f**3. Give m(4).
-11
Let l(q) = 6*q - 1. Let x(f) = 32*f - 4. Let g(k) = -6*l(k) + x(k). Calculate g(-6).
26
Let m = 57 - 53. Suppose m*y = -0*y + 12. Let k(h) = -2*h - 3. Give k(y).
-9
Let i(a) = -a**3 - 6*a**2 - 2*a + 8. Let h be (-100)/(-60) + (-46)/6. Determine i(h).
20
Let u = -3 - -4. Let g(y) = -5858 + y**2 + 5858. Determine g(u).
1
Let l be (-28)/(-70) + (-486)/(-10). Let f = l - 53. Let m(u) = -u - 4. What is m(f)?
0
Let m be 3*1/1*-1. Let u(g) = 3*g - 19. Let p(n) = -8*n + 55. Let b(i) = 2*p(i) + 6*u(i). What is b(m)?
-10
Let j(s) = s**2 + 16*s + 35. Let l(f) = -7*f + 455. Let t be l(67). Give j(t).
7
Suppose 4*x + 26 = -5*a, 2*a = 6*x - x + 16. Suppose 27*s = 24*s + 12. Let y(z) = s - z + 8 - 13. What is y(a)?
1
Let x be (-132)/15 - 2/10. Let b be (7 + x)*2/(-2). Let t(m) = 4*m + b - 3 + 2*m. Determine t(1).
5
Let y(g) = -5*g**3 - g**2 - 4*g + 17. Let n(k) = k**3 - k**2 + k - 2. Let l(o) = -6*n(o) - y(o). Calculate l(7).
-19
Let a(o) = o**3 - 6*o**2 - 8. Let z be a(6). Let f(d) = -d**2 - 9*d - 1. Give f(z).
7
Let l(a) = -5*a - 7 + 3*a + 5*a + a**2. Suppose 2*x - x - 5*r = -26, -x - 18 = -r. Let o(t) = -t**3 - 15*t**2 + 17*t + 10. Let m be o(x). Give l(m).
11
Suppose 2*x = 8, -3*x - 2*x + 50 = -3*o. Let d(u) = u**3 + 11*u**2 + 10*u + 5. Let t be d(o). Let g(c) = c. Give g(t).
5
Let o(v) = 2*v + 1. Let a = 283 - 280. Determine o(a).
7
Let k(g) = -2*g**2 - 7*g. Let a(v) = -2 + 7*v + 2 + 1 + 3*v**2 + 0. Let y(q) = -3*a(q) - 4*k(q). Calculate y(3).
9
Let u(b) be the third derivative of b**7/1260 + b**6/360 + 11*b**5/60 + b**2. Let n(m) be the third derivative of u(m). Suppose -4 = -2*q - 0*q. Calculate n(q).
10
Let h(m) = m**2 - 14*m + 5. Let t be h(11). Let k = t + 12. Let p be (-8)/k - 3/(-2). Let g(n) = 4*n - 1. Give g(p).
7
Let c(n) be the first derivative of -n**2/2 - 4. Let f be ((-69)/46)/(2/20). Let x = f + 18. Calculate c(x).
-3
Let z(u) = 5*u - 1. Let h(q) = 17*q + 3. Let p(o) = -9*o - 2. Let c(j) = 3*h(j) + 5*p(j). Let s(x) = 3*c(x) - 4*z(x). Let t be (5 + 1)/(1 + 1). Calculate s(t).
-5
Suppose 5*m = 2 + 8, -3*j = -m - 46. Suppose 477 = 17*g + 154. Let x = j - g. Let d(i) = -i - 1. Calculate d(x).
2
Let y(m) be the first derivative of 29 - 1/2*m**2 + 12*m. What is y(8)?
4
Let s(j) = -2*j**2 + 13*j + 22. Let y be s(8). Let v(f) = f**3 + 2*f**2 + f + 3. Calculate v(y).
1
Let v(z) = z + 1. Let u(y) = 8*y - 13*y**2 + 5*y**2 + 2 + 9*y**2. Let p be u(-8). Suppose p*b = 5*m - 15, 5*b - 3*m - m - 5 = 0. What is v(b)?
6
Suppose 100 = 2*p + 4. Let r = p + -52. Let a(l) = -l**2 - 4*l. Give a(r).
0
Let g(s) = -1403*s + 689*s + 701*s + 13 - s**2. Determine g(-14).
-1
Let i(z) = -z**3 - 9*z**2 + 20*z - 19. Let a be i(-11). Let q(n) = 19 - 7 + 5*n - 11 - 4*n + a*n**2. What is q(-1)?
3
Let k(s) = -s**3 + 3*s**2 + 3*s - 1. Let w = -15 - -17. Let i(g) = g**2 + 2*g - 4. Let a be i(w). Determine k(a).
-5
Suppose 0 = -3*d - 4*j + 25, -2*d + 4*j - 13 = -3. Suppose -3*l = 3*m - 6*m + 27, -d*l = m - 1. Let y(r) = r - 13. Determine y(m).
-6
Suppose 0 = -2*v - 4 - 16. Let c = 8 - v. Suppose -3*s - c = f + f, -3*s = -f + 18. Let t(q) = 2*q + 8. Calculate t(s).
-4
Let h(d) = 3*d + 1. Suppose -13*c + 122 - 44 = 0. What is h(c)?
19
Let d(w) = -12*w - 10 - 13*w + 27*w. Give d(0).
-10
Let r be 10/((-450)/235) - (-2)/9. Let c(u) = u - 1. Determine c(r).
-6
Suppose 0 = -9*q + 29 + 34. Let d(a) = a - 7. Calculate d(q).
0
Let o(w) = -4 - 8*w - 4 + w**2 - 5*w - 2 + 5*w. Calculate o(7).
-17
Let a = 8 + -6. Let j(s) = -s - a*s + 2*s + 3*s + 7 - s**2. Calculate j(5).
-8
Let m(u) = u**3 + 5*u**2 - 4*u + 8. Let y be m(-6). Let h(n) = -4 + 743*n + 3*n**2 - 740*n - 2*n**2. Calculate h(y).
0
Let m(i) = -i**3 - 7*i**2 - i - 8. Let c(r) = 2*r - 2. Let n be c(2). Suppose 11*h + 175 = 637. Suppose -4*s = n*s + h. Calculate m(s).
-1
Let w(h) = h**2 - 2. Suppose -2*u + 19 = -3*o, -3*o = -4*u + 2*o + 35. Suppose u = g + 1. Let i be -3*(2 - g/3). Give w(i).
2
Let h = 22 + -12. Suppose -4*c = h + 2. Let o(x) = 3*x**2 + 5*x + 2. Determine o(c).
14
Let b(h) be the first derivative of -h**5/4 - h**4/12 + 25*h - 16. Let q(x) be the first derivative of b(x). Calculate q(1).
-6
Let c(d) = -2*d**3 - 4*d**2 - 5*d - 2. Suppose 8*n + 12*n + 60 = 0. Calculate c(n).
31
Let b be 3 - (8/(-6) + 3/9). Let q be (-1 + 0)*(-5 - -2). Suppose -b*w = -q*w + 5. Let p(s) = -s**2 - 2*s + 4. Calculate p(w).
-11
Let m(a) = -a**2 - 11*a - 5. Suppose -3*p - 2*z - 13 = -40, p + z - 9 = 0. Suppose -4*l + p*l - 4*g = -48, -3*g + 22 = -2*l. What is m(l)?
19
Let z(r) = -2*r - 8. Let o be z(-7). Suppose 4*p - o = 2*p. Let c(g) = -3*g + g**2 + 8*g - p - 4*g - g**3 - 2*g. Determine c(0).
-3
Let u be (-9 - -3) + -5 + 3. Let m(h) be the first derivative of h**2 + 11*h - 12. Calculate m(u).
-5
Suppose -1 = -20*l - 21. Let t(b) = 10*b + 1. Give t(l).
-9
Let y(u) = -127*u + u**3 - 9 - 105*u + 6*u**2 + 229*u. Let d = 9 + -15. What is y(d)?
9
Let b(n) = n + 2. Suppose 5*l + 0*l - 15 = 0. Let y be b(l). Let m(u) = 5 + 3*u**2 + 6*u + u**2 - 3*u - u**3. Determine m(y).
-5
Let s be (2 - 3)/((-8)/64). Suppose 3*f + s = -f. Let w(z) = 2*z**2 - z + 1. Determine w(f).
11
Let b be 2 + (2 - 5) + -10. Let v = b + 8. Let d(n) = 10 - 13 - 3*n + 2*n. What is d(v)?
0
Let i(y) = y**3 + 6*y**2 + 6*y + 1. Let l(t) = -2*t**2 - t + 20. Let x be l(5). Let g = x - -31. Calculate i(g).
9
Let z(n) = -3*n + 13 + 4 + 1. Let x(d) = d - 2. Let w(v) = -6*x(v) - z(v). Give w(-5).
9
Let y(z) = 2*z - 12. Suppose 0 = u - 4*k - 15, -4*k - k - 3 = 4*u. Suppose 0 = u*o - o + 5*r - 8, 3*o + r - 25 = 0. What is y(o)?
6
Let j(x) = -2*x**3 + 69*x**2 - 35*x + 38. Let n be j(34). Let i(a) = -8*a + 2. Determine i(n).
-30
Let v be (-73 - -70)*(4 - 6). Let t(k) be the first derivative of k**2 - 14*k - 1. Calculate t(v).
-2
Let w be 15/720*12 - (-46)/8. Let y(h) be the third derivative of h**4/8 - h**3/2 + h**2. Determine y(w).
15
Let c(n) = n**3 - 17*n**2 + 6*n - 99. Let a be c(17). Let b(u) = -3*u + 2. Let p(w) = -16*w + 10. Let q(z) = -22*b(z) + 4*p(z). Calculate q(a).
2
Let k(t) = 184*t**3 - 183*t**3 + 9*t**2 + 0 - 2 - 11*t. What is k(-10)?
8
Let l = 25 + -17. Suppose 5*b - 12 = l. Let v(p) = 6*p + 1 - 2*p**2 - p**2 + b*p**2. Give v(-4).
-7
Let w(j) be the third derivative of j**6/120 - j**5/20 - 3*j**4/8 - j**3/3 - 9*j**2 + j. Calculate w(5).
3
Let h = 863 - 858. Let a(z) be the third derivative of 0*z**3 + 0*z - 1/24*z**4 - 7*z**2 + 0 - 7/30*z**h. Calculate a(1).
-15
Let o(p) = 35 + p**2 + p + 0*p**2 - 33. What is o(0)?
2
Let f(s) = s**2 - 8*s + 12. Let q be f(7). Let d(m) = 11*m + 5. Let t(h) = 27*h + 12. Let c(u) = q*t(u) - 12*d(u). What is c(3)?
9
Let s = -9 + 20. Let d(n) = n**3 - 11*n**2 + 4. Let f be d(s). Let c(o) = -o**3 + 3*o**2 + 3*o + 1. What is c(f)?
-3
Let r(n) = -71 - 66 + n**2 + 9*n + 141. Determine r(-9).
4
Let s be 7 + (-11)/(-7) + (-9)/(-21). Let j(v) = v**3 - 8*v**2 - 11*v + 4. Determine j(s).
-14
Let t(z) = -z**2 + 2*z + 6. Suppose -6*g + g - 3*b = 107, -2*g + b = 45. Let p = -17 - g. Calculate t(p).
-9
Let h(f) = -1. Let c(b) = 7*b + 6. Let a(o) = -c(o) + 5*h(o). Give a(-4).
17
Let n(t) be the second derivative of -t**6/360 - t**5/40 - t**4/4 - 5*t**3/6 - 50*t. Let z(i) be the second derivative of n(i). Give z(-6).
-24
Let p(d) = 2*d**2 - 13 + 10 - 3*d - 4*d**2. Let n(y) = 1. Let u(a) = 4*n(a) + p(a). Give u(-4).
-19
Let g(w) = -11*w**2 - 15*w. Let b(v) = -9*v**2 - 14*v. Let a(m) = 6*b(m) - 5*g(m). Determine a(10).
10
Let c(d) be the first derivative of d**4/4 + d**3/3 - 2*d**2 + 3*d - 141. Calculate c(2).
7
Let u(d) = 908*d**3 - 2 - 907*d**3 + 6*d**2 + 5*d - 1. Give u(-4).
9
Let v(l) = l**2 - 5*l + 7. Let j = -47 + 107. Su